are the prime factors of 2653215?
3, 5, 79, 2239
What are the prime factors of 26861266?
2, 13430633
What are the prime factors of 3736021?
181, 20641
List the prime factors of 253107.
3, 28123
What are the prime factors of 4091579?
43, 95153
List the prime factors of 7529442.
2, 3, 1254907
List the prime factors of 6792740.
2, 5, 339637
What are the prime factors of 1194280?
2, 5, 73, 409
List the prime factors of 132886.
2, 13, 19, 269
List the prime factors of 3388144.
2, 367, 577
What are the prime factors of 16728774?
2, 3, 23, 241, 503
What are the prime factors of 3749018?
2, 7, 13, 20599
What are the prime factors of 13048?
2, 7, 233
What are the prime factors of 2216051?
571, 3881
What are the prime factors of 457355?
5, 23, 41, 97
List the prime factors of 386853.
3, 128951
What are the prime factors of 7176242?
2, 47, 76343
What are the prime factors of 179439?
3, 13, 43, 107
What are the prime factors of 8316175?
5, 7, 47521
What are the prime factors of 9707?
17, 571
List the prime factors of 3507059.
3507059
What are the prime factors of 11402066?
2, 13, 23, 829
List the prime factors of 1529412.
2, 3, 233, 547
What are the prime factors of 6196?
2, 1549
List the prime factors of 314510.
2, 5, 7, 4493
What are the prime factors of 1903396?
2, 11, 181, 239
What are the prime factors of 80921?
19, 4259
List the prime factors of 822062.
2, 411031
List the prime factors of 742334.
2, 239, 1553
What are the prime factors of 263962?
2, 191, 691
What are the prime factors of 2150938?
2, 1075469
What are the prime factors of 209126?
2, 31, 3373
List the prime factors of 27666260.
2, 5, 31, 44623
List the prime factors of 291422.
2, 19, 7669
What are the prime factors of 2730372?
2, 3, 227531
List the prime factors of 82824.
2, 3, 7, 17, 29
List the prime factors of 2551952.
2, 13, 12269
List the prime factors of 665562.
2, 3, 110927
List the prime factors of 484591.
599, 809
List the prime factors of 361514.
2, 23, 29, 271
What are the prime factors of 6665609?
811, 8219
What are the prime factors of 3471329?
29, 119701
What are the prime factors of 571182?
2, 3, 23, 4139
List the prime factors of 1811981.
31, 58451
List the prime factors of 1125436.
2, 13, 23, 941
List the prime factors of 27534160.
2, 5, 344177
List the prime factors of 2746810.
2, 5, 11, 24971
List the prime factors of 339142.
2, 37, 4583
List the prime factors of 7646214.
2, 3, 157, 8117
List the prime factors of 10450283.
233, 44851
What are the prime factors of 2666424?
2, 3, 241, 461
List the prime factors of 714186.
2, 3, 11, 3607
List the prime factors of 195160.
2, 5, 7, 17, 41
What are the prime factors of 217834?
2, 108917
What are the prime factors of 316433?
13, 101, 241
What are the prime factors of 1285666?
2, 642833
What are the prime factors of 8357518?
2, 13, 321443
What are the prime factors of 14834702?
2, 41, 131, 1381
List the prime factors of 3636304.
2, 7, 32467
List the prime factors of 5924989.
7, 846427
What are the prime factors of 17135000?
2, 5, 23, 149
List the prime factors of 1369034.
2, 43, 15919
What are the prime factors of 2305866?
2, 3, 227, 1693
What are the prime factors of 1004855?
5, 200971
What are the prime factors of 2587507?
13, 199039
List the prime factors of 50557.
13, 3889
What are the prime factors of 1018854?
2, 3, 23, 107
List the prime factors of 541101.
3, 11, 19, 863
List the prime factors of 4601742.
2, 3, 766957
List the prime factors of 327812.
2, 81953
What are the prime factors of 5466404?
2, 1366601
What are the prime factors of 61070?
2, 5, 31, 197
List the prime factors of 3364595.
5, 13, 37, 1399
What are the prime factors of 2135840?
2, 5, 7, 1907
What are the prime factors of 2011311?
3, 31, 89
What are the prime factors of 2434083?
3, 47, 61, 283
What are the prime factors of 652724?
2, 163181
What are the prime factors of 18679207?
18679207
List the prime factors of 2294103.
3, 7, 29, 3767
List the prime factors of 1875928.
2, 227, 1033
List the prime factors of 332667.
3, 37
What are the prime factors of 309665?
5, 61933
List the prime factors of 3489701.
31, 112571
List the prime factors of 370004.
2, 233, 397
List the prime factors of 1102699.
13, 271, 313
List the prime factors of 343817.
343817
List the prime factors of 4178570.
2, 5, 11, 37987
What are the prime factors of 5048689?
59, 85571
List the prime factors of 732043.
13, 56311
What are the prime factors of 11251144?
2, 17, 82729
List the prime factors of 8369962.
2, 577, 7253
What are the prime factors of 11425065?
3, 5, 761671
List the prime factors of 54499.
54499
What are the prime factors of 7254792?
2, 3, 33587
List the prime factors of 109448.
2, 13681
What are the prime factors of 6793291?
569, 11939
What are the prime factors of 20087884?
2, 103, 48757
List the prime factors of 4519132.
2, 23, 49121
List the prime factors of 13818932.
2, 31, 111443
What are the prime factors of 6893832?
2, 3, 11, 26113
What are the prime factors of 2350254?
2, 3, 103, 3803
What are the prime factors of 143916?
2, 3, 67, 179
What are the prime factors of 3495792?
2, 3, 67, 1087
List the prime factors of 80597.
11, 17, 431
List the prime factors of 14564748.
2, 3, 11, 110339
List the prime factors of 4719233.
59, 79987
List the prime factors of 9485288.
2, 1185661
What are the prime factors of 3071002?
2, 11, 139591
List the prime factors of 9310754.
2, 37, 125821
List the prime factors of 5843917.
337, 17341
What are the prime factors of 692151?
3, 19, 12143
List the prime factors of 23433.
3, 73, 107
List the prime factors of 4701975.
3, 5, 71, 883
What are the prime factors of 708173?
73, 89, 109
What are the prime factors of 1715173?
439, 3907
List the prime factors of 441292.
2, 110323
List the prime factors of 7932165.
3, 5, 528811
What are the prime factors of 1708978?
2, 89, 9601
What are the prime factors of 38017?
7, 5431
What are the prime factors of 1094416?
2, 73, 937
List the prime factors of 365357.
365357
What are the prime factors of 3250840?
2, 5, 67, 1213
List the prime factors of 20179238.
2, 17, 593507
What are the prime factors of 3480497?
617, 5641
What are the prime factors of 97484?
2, 24371
List the prime factors of 1412531.
109, 12959
What are the prime factors of 11855516?
2, 31, 67, 1427
What are the prime factors of 10256869?
7, 733, 1999
What are the prime factors of 2073618?
2, 3, 115201
What are the prime factors of 13962487?
7, 11, 43, 4217
List the prime factors of 198641.
198641
What are the prime factors of 15905445?
3, 5, 61, 17383
List the prime factors of 582377.
47, 12391
List the prime factors of 1841203.
7, 13, 20233
List the prime factors of 1226787.
3, 29, 59, 239
List the prime factors of 407971.
407971
List the prime factors of 386111.
11, 3191
List the prime factors of 649381.
649381
What are the prime factors of 1450807?
37, 113, 347
What are the prime factors of 82910?
2, 5, 8291
List the prime factors of 301160.
2, 5, 7529
What are the prime factors of 56233?
53, 1061
List the prime factors of 28830426.
2, 3, 1453, 3307
What are the prime factors of 185409?
3, 7, 109
List the prime factors of 189543.
3, 23, 41, 67
List the prime factors of 3887113.
223, 17431
List the prime factors of 5461048.
2, 29, 23539
What are the prime factors of 1089584?
2, 68099
What are the prime factors of 4841496?
2, 3, 11, 6113
List the prime factors of 5770640.
2, 5, 53, 1361
What are the prime factors of 413775?
3, 5, 613
What are the prime factors of 764690?
2, 5, 47, 1627
What are the prime factors of 4085938?
2, 2042969
What are the prime factors of 16250961?
3, 5416987
List the prime factors of 1065912.
2, 3, 23, 1931
List the prime factors of 556696.
2, 7, 9941
What are the prime factors of 21467700?
2, 3, 5, 7951
What are the prime factors of 4416080?
2, 5, 55201
List the prime factors of 630488.
2, 53, 1487
What are the prime factors of 888046?
2, 17, 26119
What are the prime factors of 28999?
47, 617
What are the prime factors of 1723949?
179, 9631
List the prime factors of 108103.
17, 6359
What are the prime factors of 1175505?
3, 5, 78367
List the prime factors of 1754428.
2, 13, 33739
What are the prime factors of 32989716?
2, 3, 173, 5297
What are the prime factors of 532362?
2, 3, 83, 1069
What are th